{"id":476,"date":"2012-10-04T15:44:10","date_gmt":"2012-10-04T13:44:10","guid":{"rendered":"http:\/\/www.mrc-longwy.fr\/?page_id=476"},"modified":"2020-10-01T19:32:25","modified_gmt":"2020-10-01T17:32:25","slug":"contacts","status":"publish","type":"page","link":"https:\/\/www.mrc-longwy.fr\/?page_id=476","title":{"rendered":"Contacts"},"content":{"rendered":"<p><a href=\"http:\/\/www.mrc-longwy.fr\/wp-content\/uploads\/2019\/09\/entete-MRC-site-1-e1601495675856.png\"><img loading=\"lazy\" decoding=\"async\" class=\"aligncenter  wp-image-1587\" src=\"http:\/\/www.mrc-longwy.fr\/wp-content\/uploads\/2019\/09\/entete-MRC-site-1-1024x157.png\" alt=\"\" width=\"435\" height=\"67\" \/><\/a><\/p>\n<h3 style=\"text-align: center;\">CONTACTS<\/h3>\n<h4 style=\"text-align: center;\">Pr\u00e9sident:<\/h4>\n<p style=\"text-align: center;\">Micha\u00ebl JASMIN<\/p>\n<p style=\"text-align: center;\">mikajasmin@yahoo.com<\/p>\n<h4 style=\"text-align: center;\">Tr\u00e9sorier:<\/h4>\n<p style=\"text-align: center;\">K\u00e9vin THOMASSIN<\/p>\n<p style=\"text-align: center;\">kevin_thomassin@laposte.net<\/p>\n<h4 style=\"text-align: center;\">Secr\u00e9taire:<\/h4>\n<p style=\"text-align: center;\">Mathieu PICAUDE<\/p>\n<p style=\"text-align: center;\">mrclongwy@live.fr<\/p>\n<p>&nbsp;<\/p>\n<h4 style=\"text-align: center;\">OU CONTACTEZ-NOUS sur NOTRE PAGE FACEBOOK !!<\/h4>\n","protected":false},"excerpt":{"rendered":"<p>CONTACTS Pr\u00e9sident: Micha\u00ebl JASMIN mikajasmin@yahoo.com Tr\u00e9sorier: K\u00e9vin THOMASSIN kevin_thomassin@laposte.net Secr\u00e9taire: Mathieu PICAUDE mrclongwy@live.fr &nbsp; OU CONTACTEZ-NOUS sur NOTRE PAGE FACEBOOK !!<\/p>\n","protected":false},"author":1,"featured_media":0,"parent":0,"menu_order":0,"comment_status":"closed","ping_status":"open","template":"","meta":{"footnotes":""},"class_list":["post-476","page","type-page","status-publish","hentry","uentry","postonpage-1","odd","post-author-admin"],"_links":{"self":[{"href":"https:\/\/www.mrc-longwy.fr\/index.php?rest_route=\/wp\/v2\/pages\/476","targetHints":{"allow":["GET"]}}],"collection":[{"href":"https:\/\/www.mrc-longwy.fr\/index.php?rest_route=\/wp\/v2\/pages"}],"about":[{"href":"https:\/\/www.mrc-longwy.fr\/index.php?rest_route=\/wp\/v2\/types\/page"}],"author":[{"embeddable":true,"href":"https:\/\/www.mrc-longwy.fr\/index.php?rest_route=\/wp\/v2\/users\/1"}],"replies":[{"embeddable":true,"href":"https:\/\/www.mrc-longwy.fr\/index.php?rest_route=%2Fwp%2Fv2%2Fcomments&post=476"}],"version-history":[{"count":9,"href":"https:\/\/www.mrc-longwy.fr\/index.php?rest_route=\/wp\/v2\/pages\/476\/revisions"}],"predecessor-version":[{"id":1620,"href":"https:\/\/www.mrc-longwy.fr\/index.php?rest_route=\/wp\/v2\/pages\/476\/revisions\/1620"}],"wp:attachment":[{"href":"https:\/\/www.mrc-longwy.fr\/index.php?rest_route=%2Fwp%2Fv2%2Fmedia&parent=476"}],"curies":[{"name":"wp","href":"https:\/\/api.w.org\/{rel}","templated":true}]}}